e 6) to base 3
111210121111
Convert -4460124 (base 7) to base 2.
-10000110110101101001
What is 13ba205 (base 12) in base 8?
17131645
991253 (base 15) to base 9
14646316
Convert 23110010 (base 5) to base 7.
1521102
What is 150bab (base 12) in base 14?
9313d
Convert aa82b (base 12) to base 15.
46da2
What is -9707fe (base 16) in base 14?
-14591ca
Convert -325dcc (base 14) to base 3.
-10012201020001
Convert -897711 (base 10) to base 16.
-db2af
Convert b31a9 (base 14) to base 13.
121328
What is 12231111120 (base 4) in base 12?
709820
What is 2907c (base 16) in base 10?
168060
Convert -e7e805 (base 16) to base 5.
-12342320323
Convert -2377556 (base 8) to base 11.
-4082aa
Convert 22363614 (base 8) to base 12.
1756a90
-212310031211 (base 4) to base 9
-21127835
What is 14725014 (base 8) in base 15?
46d348
What is 1222210211120 (base 3) in base 14?
1d7d93
-4213426 (base 8) to base 9
-2086338
What is -2885104 (base 9) in base 2?
-110000100100011000100
Convert -311808 (base 9) to base 16.
-2d305
120440143 (base 5) to base 10
561923
What is -1622102 (base 7) in base 4?
-312230132
21013203 (base 4) to base 5
2143342
-408276 (base 11) to base 5
-131431202
1d47 (base 15) to base 3
22201211
Convert 37c9e6 (base 15) to base 3.
12000220202000
1332466 (base 8) to base 6
12003450
a58b (base 12) to base 3
220211122
Convert 222a0a0 (base 11) to base 9.
7315600
What is -12112101110 (base 4) in base 5?
-411222314
What is 44b71 (base 13) in base 11?
859a1
-120203111 (base 4) to base 13
-36a0a
-9060 (base 14) to base 2
-110000011001100
-157526 (base 9) to base 12
-48436
What is 10010100111001010000 (base 2) in base 9?
1128525
What is -65b7 (base 12) in base 16?
-2bdb
202232032 (base 4) to base 15
2c217
Convert 454533253 (base 6) to base 8.
37661201
Convert -14531015 (base 6) to base 8.
-1743163
What is 396947 (base 10) in base 12?
17186b
Convert -452958 (base 10) to base 7.
-3564402
8ac5a (base 15) to base 13
125c83
18a83d (base 15) to base 7
13125331
3243203042 (base 5) to base 10
7006647
Convert -33285 (base 15) to base 5.
-20200300
-203123104 (base 5) to base 7
-10036202
What is 1d98a (base 15) in base 8?
274617
Convert 55013601 (base 7) to base 14.
8a8501
What is 5a9680 (base 13) in base 11?
1248083
What is -39151 (base 14) in base 11?
-96385
Convert -201120120200 (base 3) to base 13.
-106512
What is -10001110011110 (base 3) in base 14?
-3035d8
10034222 (base 5) to base 11
55589
-70a363 (base 11) to base 2
-100010110100101101011
8b0298 (base 14) to base 9
8802381
What is 1000011100000110101010 (base 2) in base 7?
24542520
54849 (base 10) to base 9
83213
What is c955d6 (base 14) in base 7?
111631256
-1332331003 (base 5) to base 8
-14764423
What is -100111000011000000100011 (base 2) in base 11?
-586145a
What is -50a59 (base 12) in base 5?
-11331224
-311124100 (base 5) to base 4
-10312023331
What is 18444c (base 13) in base 16?
94c1d
What is 110222020011 (base 3) in base 12?
103904
-10502b1 (base 12) to base 14
-5a61a5
What is 8e7c2d (base 15) in base 16?
67ea06
What is -55531607 (base 8) in base 14?
-183974b
-1011101000011011 (base 2) to base 9
-72316
What is 444415 (base 6) in base 2?
1001000110111011
4931429 (base 10) to base 2
10010110011111101100101
What is 2911781 (base 10) in base 3?
12110221012202
What is d1e0 (base 16) in base 8?
150740
505306 (base 7) to base 4
110332033
-2655728 (base 9) to base 13
-3bbbb0
Convert -15788b (base 15) to base 9.
-1851845
10012211220122 (base 3) to base 7
20346536
Convert 506506 (base 7) to base 4.
111011020
What is 408c5 (base 16) in base 9?
442605
Convert 1641344 (base 9) to base 15.
1307b1
Convert 31240011 (base 5) to base 15.
51a06
What is -112231001 (base 5) in base 3?
-221211012010
What is -201214141 (base 6) in base 7?
-41046343
Convert 4320211 (base 6) to base 12.
a3067
What is -7347429 (base 10) in base 4?
-130001303211
-140224 (base 7) to base 15
-7cd7
What is 84b3 (base 13) in base 4?
10133132
Convert 1361089 (base 12) to base 6.
214412253
Convert 101010002021 (base 3) to base 7.
1456255
-16354626 (base 10) to base 8
-76306502
Convert -11154045 (base 6) to base 14.
-8c781
What is 14021341 (base 8) in base 7?
35546152
What is -3c33d9 (base 16) in base 10?
-3945433
Convert -1200121021111 (base 3) to base 14.
-195185
Convert -100220210010112 (base 3) to base 11.
-2a80005
Convert 151a3cb (base 13) to base 6.
400202051
Convert -22221222120221 (base 3) to base 9.
-8858527
Convert 31a47 (base 13) to base 5.
10332004
What is 1116ac (base 14) in base 16?
8dad8
Convert -8192b6 (base 12) to base 16.
-1eef6a
Convert -c9db (base 15) to base 6.
-525455
-200000212001 (base 3) to base 6
-11335044
Convert 3500244 (base 10) to base 13.
957267
What is 3ad1a (base 16) in base 8?
726432
Convert -1860ac (base 13) to base 15.
-c19da
11102024143 (base 5) to base 4
232110131113
Convert 4349484 (base 10) to base 4.
100211320230
What is -212066201 (base 7) in base 12?
-427a692
Convert 2030510 (base 8) to base 9.
1007440
Convert 26035520 (base 8) to base 5.
2440013402
Convert 10123010233 (base 4) to base 8.
4330457
26bd3b (base 14) to base 3
2112000122222
Convert -17a761 (base 14) to base 8.
-3140061
32335005 (base 7) to base 11
1619653
Convert -100011010001001100110 (base 2) to base 14.
-221250
-3212264 (base 7) to base 2
-1011111001010100000
What is 275669 (base 13) in base 14?
1abc59
Convert -21103312 (base 6) to base 16.
-9629c
What is 10111011110111011111 (base 2) in base 5?
144111003
What is 1617624 (base 8) in base 15?
934c6
Convert 4c0705 (base 13) to base 4.
12332203210
-111b622 (base 12) to base 11
-1937992
11110001000101010010 (base 2) to base 16
f1152
Convert -12210100031 (base 4) to base 10.
-1721357
Convert 1699108 (base 11) to base 3.
12102102000021
Convert -378aa46 (base 11) to base 5.
-3140324423
What is -100232532 (base 6) in base 8?
-6367550
Convert 1122201001 (base 3) to base 4.
13331032
What is -c4c2a (base 13) in base 7?
-3001600
110010000010101010 (base 2) to base 4
302002222
-801613 (base 9) to base 8
-1635023
-3496023 (base 11) to base 6
-334414323
Convert -162633 (base 9) to base 13.
-36903
Convert -2324b6 (base 12) to base 8.
-2115512
Convert -6371a (base 12) to base 3.
-20122012011
Convert -57715025 (base 8) to base 3.
-212121221201110
What is -1230511 (base 6) in base 5?
-4110113
Convert 13b19a (base 12) to base 3.
121210002201
230302112 (base 4) to base 11
11590a
Convert 325624 (base 10) to base 13.
b52a0
What is -10122201200202 (base 3) in base 5?
-444141131
794479 (base 14) to base 4
33232130023
What is 52a8 (base 16) in base 3?
1002000201
Convert 101985 (base 10) to base 11.
6a694
-44858 (base 11) to base 12
-3169b
1101110011000011 (base 2) to base 11
39508
What is 20000011222 (base 3) in base 10?
118232
Convert 12044212 (base 5) to base 10.
112432
-30216 (base 16) to base 14
-51bb8
What is 1664634 (base 7) in base 15?
49793
What is 4a38d (base 16) in base 11?
198456
What is -20120362 (base 7) in base 14?
-3162a2
Convert -60a78 (base 13) to base 7.
-1320553
-24143244 (base 5) to base 8
-667070
Convert -900111 (base 12) to base 15.
-2e38ea
Convert 5957390 (base 10) to base 5.
3011114030
-1607 (base 8) to base 15
-403
What is -257111 (base 11) in base 6?
-12401513
What is -44663560 (base 7) in base 12?
-1372184
Convert aa4209 (base 13) to base 5.
2011221200
-300024 (base 7) to base 3
-2120012010
Convert 582b2c (base 14) to base 2.
1011011101011011100100
Convert -2704939 (base 10) to base 13.
-739273
-12022231312 (base 4) to base 7
-16512403
What is -5184714 (base 9) in base 7?
-32364220
Convert 15522 (base 9) to base 11.
7a95
What is 1be82f (base 16) in base 4?
12332200233
1492367 (base 11) to base 4
21232231220
What is -617408 (base 10) in base 11?
-391960
What is 1a79196 (base 14) in base 2?
110010010111000100110000
Convert 5546205 (base 8) to base 14.
2ac72d
Convert -8508b (base 15) to base 12.
-184272
What is -412a47 (base 13) in base 9?
-2765781
What is 2950078 (base 10) in base 6?
143121434
d56b75 (base 16) to base 9
28277102
What is -120024403 (base 5) in base 7?
-4443535
5d653 (base 14) to base 3
102122010112
Convert -12511514 (base 6) to base 14.
-aab54
Convert -1328891 (base 10) to base 9.
-2444805
Convert -11214153 (base 7) to base 8.
-3567352
8533564 (base 9) to base 11
2640923
252662 (base 10) to 